5, p - 4*d = 24. Let n = -4 + p. Suppose -2*q + n*q = 16. What is the units digit of q?
8
What is the tens digit of (24/(-16))/((-3)/20)?
1
Let h be 3/(-2)*(-3 + 5). What is the units digit of 2*h/12*-6?
3
Suppose -c - 2*c = 0, -5*d + 10 = 3*c. What is the units digit of d?
2
Let t(n) = n**3 + 6*n**2 - 6*n + 8. Let c be t(-7). Let i = c - -2. Suppose -2*j = 2*v - j, -i*v = -j - 10. What is the units digit of v?
2
Suppose -2*j + 6 = -3*h - 5*j, -4*j - 8 = h. Suppose h = -2*w - 2*o + 18, 5*w + 5*o = 2*w + 37. Suppose w*l + 0*l - 32 = 0. What is the units digit of l?
8
Suppose n = 3*p - 0*n - 6, 2*n = p + 3. What is the units digit of 4*(21/12 + p)?
9
Let w be 12/(-20) + 66/10. Let a(g) = -1 - w*g + 9*g**2 - 10*g**2 + 3*g - 6*g. What is the units digit of a(-8)?
7
Suppose 2*t = 2, -5*c - 3*t + 0 = 42. Let o be -9*5*6/c. Let k = -20 + o. What is the tens digit of k?
1
Let t(q) = -q**3 - 2*q. What is the tens digit of t(-3)?
3
Suppose 3*x + 2 = 5. Suppose k = 10 - x. What is the units digit of k?
9
Let q = -3 + 6. Let v be (-15)/(-3) + 1/(-1). Suppose v*h - 4 = q*h. What is the units digit of h?
4
What is the units digit of ((-1)/(9/6))/(8/(-708))?
9
What is the units digit of (-3 - 22/(-8))/((-2)/632)?
9
Let v(m) = -m**2 - 4*m + 4. Let w be v(-5). Let f(y) = -4*y**2 - y - 1. Let h be f(w). Let n(j) = -3*j + 3. What is the tens digit of n(h)?
1
Suppose 5*j - 23 = 12. What is the units digit of j?
7
Suppose 0 = -4*v + 5*h - 1, 0*h + 3*h + 2 = 5*v. What is the units digit of v?
1
Let j = 134 + -30. What is the units digit of j?
4
Let u = -1 + 4. Suppose -3*p - u*b = -2*b - 29, -4*p + 5*b = -64. Let i = 20 - p. What is the units digit of i?
9
Let g = -7 - -24. Let i = g - -8. Suppose i = 3*l - 5. What is the units digit of l?
0
Let f = 331 - 176. What is the hundreds digit of f?
1
Suppose -2*z = -6*z + 124. Let w = -21 + z. What is the tens digit of w?
1
Suppose -5*x + 2*x = -9. Suppose x*q + 9 = -0*q. What is the units digit of 1/q - 50/(-6)?
8
Suppose -4*j - 78 = -18. Let p = j + 10. Let i = p + 8. What is the units digit of i?
3
What is the tens digit of 8/((-32)/(-516)) + 4?
3
Suppose -5 + 0 = -z. Suppose 0 = -z*k + 6*p - p + 170, -5*p + 70 = 3*k. What is the units digit of k?
0
Suppose -3 = -k, 4*x - 3*k = 2*k - 71. What is the units digit of (-8)/x + 365/35?
1
Let f = -81 - -130. What is the units digit of f?
9
Let n = 20 - -28. Suppose -5*u = 4*h - 2*u - 106, -2*h - 4*u + n = 0. What is the units digit of h?
8
Let f = -115 - -232. What is the hundreds digit of f?
1
Let v(z) = -4*z**3 + 3*z**2 + 4*z + 8. What is the tens digit of v(-3)?
3
Let b = 0 + 1. Suppose -3*w + 23 = -b. What is the units digit of w?
8
Let s be 0/(-3) + 10/5. Suppose -4*h + 0*d = -d - 79, -2*d + 32 = s*h. What is the tens digit of h?
1
Suppose -4*b = -2*v + 18, -7*b = 4*v - 3*b. Suppose 5*k = t + 4*t + 55, 0 = -v*k - 5*t + 9. What is the units digit of k?
8
Let l = -28 - -57. What is the tens digit of l?
2
Let t(w) = 11*w + 3 - 3*w**2 + 4*w**3 - 5*w**3 + 11*w**2. What is the tens digit of t(9)?
2
Let n = 558 - 273. What is the hundreds digit of n?
2
Suppose 4*o - 35 = -11. What is the units digit of (-1)/((-3 + o)/(-54))?
8
Let y be (-1)/(-1)*(0 - 41). Let q = y - -57. What is the tens digit of q?
1
Let s(i) = 3*i**3 - 10*i**2 - 12*i + 1. What is the units digit of s(5)?
6
Suppose 4*k = c + k - 17, 5*c + 5*k = -15. Suppose -2*f + 62 = -m, 0 = c*f + 5*m - m - 82. What is the units digit of f?
3
Let k(c) = -c**3 + 6*c**2 - 5*c - 4. Let d be k(4). Let l = d - 5. What is the units digit of l?
3
Let r(i) = i - 7. Let a be r(8). What is the units digit of (-2)/6*(-9)/a?
3
Let l(a) = 0 - 3 - a + 6*a. Let x = -4 + 6. What is the units digit of l(x)?
7
Let p(s) = s**3 + 17*s**2 - 3*s - 9. What is the units digit of p(-17)?
2
Suppose 0*u + u - 28 = 0. What is the tens digit of u?
2
Suppose -2*n + y - 14 = 2, 3*n - 4*y + 14 = 0. Let g be n/(-3)*(-3)/(-2). Let k = 7 + g. What is the units digit of k?
2
Let i(h) = -39*h + 7. What is the tens digit of i(-3)?
2
Suppose -7*i + 4 = -6*i. What is the units digit of 5 + (2 - i) - -13?
6
Let i(p) = -8*p + 1. Let j be i(-2). Let u = j - 9. What is the units digit of u?
8
Let s = -170 - -321. What is the units digit of s?
1
Suppose -4*v = -9*v + 125. What is the tens digit of v?
2
Suppose -d = -5*d. Suppose 0*c = 5*c - 60. Let k = c + d. What is the tens digit of k?
1
Suppose 0 = -2*r + 3*y - 1 - 1, 3*r + 1 = 4*y. Let a(n) = 2 - 3 - 2 + 4*n**2 - n**3 + 6*n. What is the units digit of a(r)?
2
Suppose -4*o - 2*a - 8 = 0, 3*o + 4 = 5*a - 2. What is the tens digit of 13 + 0/(o - -5)?
1
What is the hundreds digit of 0 - 2/((-10)/535)?
1
Let b = 8 - 13. Let o be (-1 - 1) + 4 + b. Let d = 5 - o. What is the units digit of d?
8
Let h(i) = -i**3 - i + 9. What is the units digit of h(0)?
9
Let x be (8/(-6))/(2/(-21)). Let r = x - 6. What is the units digit of r?
8
Suppose 5*b = 12 + 23. Let t(n) = n - 1. Let z be t(b). What is the units digit of 5/(-30) - (-19)/z?
3
Let g be 6 + -5 - 18/1. Let u = 0 - g. What is the units digit of u?
7
Let w = -70 + 105. What is the units digit of w?
5
Let i = -1 - -5. Let l(d) = -2*d + 2*d**3 - d**3 + d**2 - 4*d**2 - 3. What is the units digit of l(i)?
5
Suppose -p + 20 = 2*t, -2*p + 35 = -0*t + 3*t. Suppose -4 = -q + 3*o, 5*q = -4*o + 3*o + 100. Let v = q - p. What is the units digit of v?
9
Suppose -8 = -j + g, -3*g - 1 = -2*j + 14. What is the units digit of j?
9
What is the units digit of 3/4 - 12753/(-52)?
6
Suppose 2*r - u = -7, 5*r = r - 4*u + 4. What is the units digit of 4*r*1/(-4)?
2
Let i be 6/(-4) + 15/(-2). What is the units digit of i/1*4/(-6)?
6
Let w = -109 + 7. Let s = -49 - w. What is the units digit of s?
3
Suppose 4*d - 5 + 1 = 0. Let v = d + 0. Let k(p) = p**2 - p + 1. What is the units digit of k(v)?
1
Let z be (-32)/(-3) + (-5)/(-15). Let p = z - -4. What is the tens digit of p?
1
Suppose -4*w + 104 - 40 = 0. What is the units digit of w?
6
What is the hundreds digit of (-10)/(-6) - (-7450)/30?
2
Suppose -3*m + 2*f + 416 = -17, f = 2*m - 288. What is the hundreds digit of m?
1
Suppose 5*g - 276 = -101. Suppose 0 = -4*b - 3*h + 95, -b - 3*h = -0*b - g. What is the units digit of b?
0
Let a(t) = -t + t**2 - 6 + 4*t + 0*t. Suppose 3 = 2*h + 13. What is the units digit of a(h)?
4
Let p be 2/(1*8/156). Suppose 5 = -3*d + 4*d - 4*k, 0 = -4*d - 3*k + p. What is the units digit of d?
9
Suppose 5*s - 5*y - 955 = 0, -3*s - 2*y = -0*s - 588. What is the tens digit of s?
9
Suppose 0 = -4*o - 2*i + 588, 0*o + 4*i = -o + 147. What is the units digit of o?
7
Let d = -5 + 74. What is the tens digit of d?
6
Suppose 5*b - 620 = -3*n - 161, -5*n = -5*b - 765. What is the units digit of n?
3
What is the units digit of (-2)/((4/(-13))/2)?
3
Let b(c) = c**2 - 5*c + 2. Let k be b(4). Let y = 7 - k. What is the units digit of y?
9
Suppose d = -3*t, -d = -t - 0*t - 12. Let z = d - 7. What is the units digit of z?
2
Suppose -40 - 7 = -o - 2*y, 2*o - 2*y - 88 = 0. Suppose r = -2*r + o. What is the units digit of r?
5
Suppose 0*j = -4*j + 3*d - 3, -4*j - d = -17. What is the units digit of 12/((9/2)/j)?
8
Let r(a) = 2*a + 3. Let l be r(3). Suppose -l = -2*x - x. Suppose 32 = 7*c - x*c. What is the units digit of c?
8
Suppose -108 = -4*u + 108. What is the units digit of u?
4
Let w = -80 - -63. Let q be (-333)/(-6)*4/6. Let c = w + q. What is the units digit of c?
0
Let o(n) = -n**3 + 2*n**2 + n - 1. Let c(w) = -w**2 - 6*w + 2. Let v be c(-6). What is the units digit of o(v)?
1
Let b(y) = 5*y**2. Let j be 18/(-15) + (-1)/(-5). Let m be b(j). Let h = -2 + m. What is the units digit of h?
3
Let p = 119 + -54. What is the tens digit of p?
6
Let t(z) = 1 + 0*z**3 + 5*z**2 + 5*z**3 - 4*z**3 - 7*z. Let i be -6*(-1 + (5 - 3)). What is the units digit of t(i)?
7
Let c = 15 - 18. Let j(n) = 0*n**3 - 4 - 2*n - 5*n**2 - 2*n**3 + 3. What is the tens digit of j(c)?
1
Let v = 57 - 24. Let s = 47 - v. What is the tens digit of s?
1
Suppose -5*h - 18 = -183. What is the tens digit of h?
3
Suppose 4*t - 2 = -2*n + 4, 0 = -4*n - 20. Suppose -z - t*z + 2*r + 121 = 0, -3*z = -4*r - 67. What is the units digit of z?
5
Suppose -5*t + t + 6 = -5*n, -3*t = -12. Suppose -24 = n*a + 10. Let j = a + 29. What is the units digit of j?
2
Suppose 28*q